y - 4*c + 26, i*y + 4*c = 95. Calculate the remainder when 66 is divided by y.
20
Suppose 6*q + 1734 = 23*q. What is the remainder when q is divided by 54?
48
Let h(x) = -x**3 + 8*x**2 - 9*x + 6. What is the remainder when 63 is divided by h(6)?
15
Suppose -2*z = -3*b - 27, z - 7 = b - 6*b. Let d(i) = -i + 4. Let a be d(3). Suppose 0 = -s - a + z. What is the remainder when 19 is divided by s?
8
What is the remainder when 484/(-16)*(-2 - 2) is divided by 41?
39
Let q(n) = -n + 1 + 3*n**2 - n**3 - n**2 - 3*n**2 + 0*n**3. Suppose -3*o - 7 + 4 = 3*f, 3*o = -5*f - 7. Calculate the remainder when 19 is divided by q(f).
5
What is the remainder when 3/(-2)*(-5 + (-65 - 4)) is divided by 22?
1
Let c = 195 - 179. Suppose -2*x + 23 = 3. Suppose -x*r + 2*r = -c. Calculate the remainder when 4 is divided by r.
0
Suppose 0 = 5*u - 51 - 59. Calculate the remainder when 33 is divided by u.
11
Let i(b) = -6*b + 15. Calculate the remainder when i(-4) is divided by 7.
4
Let t(p) = 44*p - 52. What is the remainder when 1*-4*214/(-4) is divided by t(2)?
34
Suppose -151 + 1086 = 5*u. Let o = u - 170. Suppose 0 = -5*a - 3*l + 337, -5*a + l - 3*l + 333 = 0. Calculate the remainder when a is divided by o.
14
Suppose -4*y = -93 - 147. Suppose -4*w = -4*o - 168, 4*o + 0 = -2*w + y. Let t = 30 - 17. Calculate the remainder when w is divided by t.
12
Suppose k + 4*v + 6 - 30 = 0, 3*v - 27 = -3*k. Suppose k*t + 81 = -s - 77, 0 = -3*t + s - 115. Let f = -21 - t. Calculate the remainder when 35 is divided by f.
17
Let s = 1135 + 282. What is the remainder when s is divided by 10?
7
Let d(f) = f**2 - 3*f - 5. What is the remainder when d(5) is divided by 3?
2
Suppose 40 = 2*n - 18. Suppose -31*o = -34*o + 18. Suppose 4*d - o = 54. What is the remainder when n is divided by d?
14
Suppose 9 + 7 = -4*i. Let q(b) = -b + 2. Let z be q(i). What is the remainder when 22 is divided by (5 - 2) + -3 + z?
4
Let p(m) = 114*m**3 - m**2 + 2. Let a be p(-1). Let o = -84 - a. What is the remainder when o is divided by 16?
13
Suppose 6*u - 3 = 7*u. Let v(x) = -x**3 - x**2 - 5*x - 4. Let m(c) = 14*c**3 + 2*c**2 - 1. Calculate the remainder when v(u) is divided by m(1).
14
Let s = 98 - 87. What is the remainder when 186 is divided by s?
10
Suppose 18*q - 13*q + 2 = -4*d, 5*d + 17 = q. Let u = -5 + 11. What is the remainder when u is divided by q?
0
Suppose -a = 3*a - 48. Let f = 11000 - 10959. What is the remainder when f is divided by a?
5
Let t = 81 - 18. Calculate the remainder when t is divided by 24.
15
Suppose 1944 = 46*d - 1414. What is the remainder when d is divided by 32?
9
Suppose -1953 - 39 = -6*q. Calculate the remainder when q is divided by 21.
17
Suppose 25 = -5*f, 5*p + 26 = -2*f - 59. Let b = 6 + p. Calculate the remainder when 3 + b*(-6)/3 is divided by 12.
9
Suppose -5*c + 27*c - 1208 + 1054 = 0. Calculate the remainder when 4/(-6) - (-65)/3 is divided by c.
0
Let c be (-138)/3 + 15/(-5). Let p = -35 - c. Suppose -5*i + i = 3*d - 50, d + 2*i - p = 0. Calculate the remainder when d is divided by 6.
4
Suppose 6*a = 2*a + 8. Calculate the remainder when (41/a)/((-1)/(-2)) is divided by ((-22)/3)/(104/(-156)).
8
Suppose -18 = -5*q - 3. Suppose 7*o = -q*o + 990. Calculate the remainder when o is divided by 25.
24
Calculate the remainder when 123 is divided by ((-2)/12*-2)/(6/126).
4
Let g = -86 + 91. Suppose -73 = -i + 4*v, g*i + v - 408 = -106. What is the remainder when i is divided by 17?
10
Let b(t) = t**2 + 39*t - 10. What is the remainder when 142 is divided by b(-40)?
22
Suppose 0 = -4*r + 28 + 40. Let g(y) = y**3 - 8*y**2 - 7*y - 21. Let u be g(9). What is the remainder when (-2)/((-4)/(-186)*u) is divided by r?
14
Suppose 0 = 3*s - 174 + 9. Let k = s + -33. Calculate the remainder when k is divided by 8.
6
Suppose 7*u = -233 + 1584. What is the remainder when u is divided by 51?
40
Let b(o) = -5*o + 6. Let h(d) = 11*d - 13. Let v(x) = -9*b(x) - 4*h(x). Let a(r) = -2*r - 3. What is the remainder when v(3) is divided by a(-2)?
0
What is the remainder when (-6559)/(-35) + 0 + 4/(-10) is divided by 48?
43
Suppose 6*d - 5 = 7. Suppose -4*u + 5*m + 191 = 0, 0*m - 198 = -4*u - d*m. What is the remainder when u is divided by 26?
23
Let g(x) = 46*x**2 + x - 1. Calculate the remainder when g(1) is divided by -7*4/6*648/(-252).
10
What is the remainder when 376 is divided by (60/(-45))/((-8)/162)?
25
Suppose 0*c - 2*c = -3*t + 15, -25 = 4*c - 5*t. Suppose -7*s + 8*s - 3 = c. Let z(u) = -u. What is the remainder when z(-6) is divided by s?
0
Calculate the remainder when 118 is divided by 174/15 - ((-45)/(-25))/3.
8
Calculate the remainder when 78 is divided by (-17)/((-935)/33) + (-122)/(-5).
3
Let s = -19 - -19. Suppose s*u = 3*u - 78. Suppose 0 = 3*w - u - 67. Calculate the remainder when 59 is divided by w.
28
Let q(y) = 96*y + 2. Let n be q(2). Suppose -4*h = -n + 38. Calculate the remainder when h is divided by 8.
7
Let j = -36 - -53. Suppose -5*a - 3*d = 0, -2*a + d + j = 2*a. Calculate the remainder when 23 is divided by a.
2
Let m(i) = -i**3 + 3*i**2 - i + 2. Let y be m(3). Let g = 27 - y. What is the remainder when 109/(1 + 0 + 0) is divided by g?
25
Let j(a) = 9*a**2 - 10*a + 70. What is the remainder when j(6) is divided by 52?
22
Suppose p + 255 = 6*p. Calculate the remainder when p is divided by (76/(-16))/((-1)/4).
13
Suppose 4*m - 102 = m. Let a(h) = -h**2 + 8*h - 9. Let k be a(9). Calculate the remainder when m is divided by (-405)/k*8/10.
16
Let m(l) = -l + 1. Let d(u) = -u**2 - 3*u + 70. Let o(h) = -d(h) + 3*m(h). What is the remainder when o(19) is divided by 37?
35
Let r = -10 - -16. Let t = 3 + r. What is the remainder when (-2 + -3)/((-3)/9) is divided by t?
6
Let l(b) = 3*b + 9. Let q be l(4). Suppose -5*h + 2*f = 1866, 5*h - 2*h = f - 1119. Calculate the remainder when h/(-21) + 6/q is divided by 7.
4
Let d = -137 - -138. Calculate the remainder when 187 is divided by (-74)/(-2) + (2 - d).
35
Let s = 212 + -87. Suppose 0 = -51*m + 6*m + 1440. What is the remainder when s is divided by m?
29
What is the remainder when 71 is divided by ((-20)/(-30))/((-2)/(-72))?
23
Suppose 5009 = 9*u + 275. Calculate the remainder when u is divided by 17.
16
Suppose -12 + 32 = 4*v. Suppose v*y = -0*y + 160. What is the remainder when y is divided by 7?
4
Let w = -4 - -17. Calculate the remainder when 19 is divided by 16/104 - (-89)/w.
5
Suppose 0 = -7*b + 3*b + 112. Suppose -63 = -5*q - 18. What is the remainder when b is divided by q?
1
Suppose x - 4*o - 24 = 0, 5*x - 9*o + 11*o = 142. Calculate the remainder when 58 is divided by x.
2
Let q = 114 + 65. Calculate the remainder when q is divided by 68.
43
Let a(i) = 7*i**2 + i - 8. Let r be a(-5). Suppose -5*w = -4*l - 4 - r, 107 = 3*w + 5*l. Let b = -18 + 30. Calculate the remainder when w is divided by b.
10
What is the remainder when 350 is divided by 3970/90 - (1 - (-8)/(-9))?
42
What is the remainder when (-6)/((-3 + 13)/(-5)) - -25 is divided by 17?
11
Let j(t) = t**2 + 12*t - 3. Let u be j(-11). Calculate the remainder when 35/u*-6*1 is divided by 6.
3
Let i = -340 - -360. Calculate the remainder when i is divided by 3.
2
Suppose 7*f + 213 = -431. Let d = -85 - f. What is the remainder when 33 is divided by d?
5
Calculate the remainder when 50 is divided by 44 - (6*1)/(33/(-22)).
2
Calculate the remainder when 45/54*3*158 is divided by 33.
32
Calculate the remainder when 12/(-10)*(1435/(-21) - -15) is divided by 1.
0
Let i be (-51)/(-3) - ((1 - -2) + -5). Suppose -22*r = -i*r - 42. What is the remainder when r is divided by 4?
2
Let h = 9 - -4. Let t = h + -11. Suppose -s - 2*s - 5*c = -84, -2*s - t*c + 52 = 0. Calculate the remainder when 91 is divided by s.
22
Let s(d) = -d + 1. Suppose -5*z + 70 = -5*m, -4*z - 4*m = -6*m - 46. Calculate the remainder when z is divided by s(-3).
1
Suppose -170 = 5*g + 5*i, -4*g - 182 = g + 2*i. Let a = g + 52. Calculate the remainder when a is divided by 2/4 - (-9)/2.
4
Let p be (-12)/(-9)*(2 + (-21)/6). Let b(s) = -24*s - 8. Calculate the remainder when b(p) is divided by 21.
19
Suppose -4*f + 642 = -5*t, -2*t + 4 = -0*t. Let i = f + -110. What is the remainder when i is divided by 9?
8
Let w be (-5)/2*(0 + -108). Suppose 5*g = 5*n - w, 0 = -2*n + 2*g + 2*g + 98. What is the rem